{"version":"1.0","provider_name":"Ch\u00e2teau L&#039;Escarderie","provider_url":"https:\/\/lescarderievins.com\/en","author_name":"Teelo","author_url":"https:\/\/lescarderievins.com\/en\/author\/teelo\/","title":"Salon professionnel Paris - Ch\u00e2teau L&#039;Escarderie","type":"rich","width":600,"height":338,"html":"<blockquote class=\"wp-embedded-content\" data-secret=\"VnRdM8V7S8\"><a href=\"https:\/\/lescarderievins.com\/en\/evenement\/salon-professionnel-paris\/\">Salon professionnel Paris<\/a><\/blockquote><iframe sandbox=\"allow-scripts\" security=\"restricted\" src=\"https:\/\/lescarderievins.com\/en\/evenement\/salon-professionnel-paris\/embed\/#?secret=VnRdM8V7S8\" width=\"600\" height=\"338\" title=\"&#8220;Salon professionnel Paris&#8221; &#8212; Ch\u00e2teau L&#039;Escarderie\" data-secret=\"VnRdM8V7S8\" frameborder=\"0\" marginwidth=\"0\" marginheight=\"0\" scrolling=\"no\" class=\"wp-embedded-content\"><\/iframe><script>\n\/*! This file is auto-generated *\/\n!function(d,l){\"use strict\";l.querySelector&&d.addEventListener&&\"undefined\"!=typeof URL&&(d.wp=d.wp||{},d.wp.receiveEmbedMessage||(d.wp.receiveEmbedMessage=function(e){var t=e.data;if((t||t.secret||t.message||t.value)&&!\/[^a-zA-Z0-9]\/.test(t.secret)){for(var s,r,n,a=l.querySelectorAll('iframe[data-secret=\"'+t.secret+'\"]'),o=l.querySelectorAll('blockquote[data-secret=\"'+t.secret+'\"]'),c=new RegExp(\"^https?:$\",\"i\"),i=0;i<o.length;i++)o[i].style.display=\"none\";for(i=0;i<a.length;i++)s=a[i],e.source===s.contentWindow&&(s.removeAttribute(\"style\"),\"height\"===t.message?(1e3<(r=parseInt(t.value,10))?r=1e3:~~r<200&&(r=200),s.height=r):\"link\"===t.message&&(r=new URL(s.getAttribute(\"src\")),n=new URL(t.value),c.test(n.protocol))&&n.host===r.host&&l.activeElement===s&&(d.top.location.href=t.value))}},d.addEventListener(\"message\",d.wp.receiveEmbedMessage,!1),l.addEventListener(\"DOMContentLoaded\",function(){for(var e,t,s=l.querySelectorAll(\"iframe.wp-embedded-content\"),r=0;r<s.length;r++)(t=(e=s[r]).getAttribute(\"data-secret\"))||(t=Math.random().toString(36).substring(2,12),e.src+=\"#?secret=\"+t,e.setAttribute(\"data-secret\",t)),e.contentWindow.postMessage({message:\"ready\",secret:t},\"*\")},!1)))}(window,document);\n\/\/# sourceURL=https:\/\/lescarderievins.com\/wp-includes\/js\/wp-embed.min.js\n<\/script>","thumbnail_url":"https:\/\/lescarderievins.com\/wp-content\/uploads\/2023\/05\/f34385c6-7a53-e64c-39c4-7321c468f813.jpg","thumbnail_width":1190,"thumbnail_height":1684,"description":"Le 21 novembre nous serons \u00e0 Paris pour un salon professionnel : \u00e0 cette occasion nous pourrons vous amener des vins en R\u00e9gion Parisienne ou sur la route, si vous souhaitez commander ! Ensuite la 3eme \u00e9dtion du salon\u00a0Vitisaveurs de Nantes\u00a0\u00a0se d\u00e9roulera du vendredi 2\u00a0au dimanche 4\u00a0decembre. Nous vous renverrons une info quand nous aurons les invitations gratuites. Pour toute commande pass\u00e9e avant les salons 10% sont offerts !\u00a0R\u00e9servation ici."}

Château L&#039;Escarderie

Salon professionnel Paris - Château L&#039;Escarderie

<blockquote class="wp-embedded-content" data-secret="VnRdM8V7S8"><a href="https://lescarderievins.com/en/evenement/salon-professionnel-paris/">Salon professionnel Paris</a></blockquote><iframe sandbox="allow-scripts" security="restricted" src="https://lescarderievins.com/en/evenement/salon-professionnel-paris/embed/#?secret=VnRdM8V7S8" width="600" height="338" title="&#8220;Salon professionnel Paris&#8221; &#8212; Château L&#039;Escarderie" data-secret="VnRdM8V7S8" frameborder="0" marginwidth="0" marginheight="0" scrolling="no" class="wp-embedded-content"></iframe><script>
/*! This file is auto-generated */
!function(d,l){"use strict";l.querySelector&&d.addEventListener&&"undefined"!=typeof URL&&(d.wp=d.wp||{},d.wp.receiveEmbedMessage||(d.wp.receiveEmbedMessage=function(e){var t=e.data;if((t||t.secret||t.message||t.value)&&!/[^a-zA-Z0-9]/.test(t.secret)){for(var s,r,n,a=l.querySelectorAll('iframe[data-secret="'+t.secret+'"]'),o=l.querySelectorAll('blockquote[data-secret="'+t.secret+'"]'),c=new RegExp("^https?:$","i"),i=0;i<o.length;i++)o[i].style.display="none";for(i=0;i<a.length;i++)s=a[i],e.source===s.contentWindow&&(s.removeAttribute("style"),"height"===t.message?(1e3<(r=parseInt(t.value,10))?r=1e3:~~r<200&&(r=200),s.height=r):"link"===t.message&&(r=new URL(s.getAttribute("src")),n=new URL(t.value),c.test(n.protocol))&&n.host===r.host&&l.activeElement===s&&(d.top.location.href=t.value))}},d.addEventListener("message",d.wp.receiveEmbedMessage,!1),l.addEventListener("DOMContentLoaded",function(){for(var e,t,s=l.querySelectorAll("iframe.wp-embedded-content"),r=0;r<s.length;r++)(t=(e=s[r]).getAttribute("data-secret"))||(t=Math.random().toString(36).substring(2,12),e.src+="#?secret="+t,e.setAttribute("data-secret",t)),e.contentWindow.postMessage({message:"ready",secret:t},"*")},!1)))}(window,document);
//# sourceURL=https://lescarderievins.com/wp-includes/js/wp-embed.min.js
</script>

Le 21 novembre nous serons à Paris pour un salon professionnel : à cette occasion nous pourrons vous amener des vins en Région Parisienne ou sur la route, si vous souhaitez commander ! Ensuite la 3eme édtion du salon Vitisaveurs de Nantes  se déroulera du vendredi 2 au dimanche 4 decembre. Nous vous renverrons une info quand nous aurons les invitations gratuites. Pour toute commande passée avant les salons 10% sont offerts ! Réservation ici.
